lse
Let a(b) = -6*b + 211. Is a(-38) composite?
False
Suppose 3*y - 4*y - 14 = 3*i, 0 = 4*y + 2*i + 106. Suppose -4*d = 69 - 29. Let o = d - y. Is o a composite number?
False
Let b(o) = 2*o**3 + 8*o**2. Let m be b(-4). Suppose m = -z - 2*l + 851, 2*z - 3*l = 958 + 744. Is z composite?
True
Let x be -2*3*(-2)/12. Let u = x + 78. Is u a composite number?
False
Let y(i) = 2*i**2 - 16*i + 13. Let q be (-2)/(-6) + 176/12. Is y(q) a composite number?
False
Let v(d) = 304*d - 2. Is v(4) prime?
False
Suppose 3*o + 5*c = 81013, 35*o - 135043 = 30*o - 3*c. Is o composite?
False
Suppose 6*w = 10*w - 24. Suppose -435 - 2007 = -w*l. Is l prime?
False
Let k(j) = j**3 - 2*j**2 + 83. Let g(b) = -b - 1. Let p = -12 + 11. Let r be g(p). Is k(r) a composite number?
False
Let g(r) = 6*r**2 + 25*r - 62. Is g(27) a composite number?
False
Let r = 17 + -13. Suppose 0*t + 3*t - 425 = 2*m, 3*m = r*t - 565. Is t prime?
False
Let b be (-10)/(-4)*(-114)/(-15). Let c = b + -15. Suppose -7*v = -c*v - 633. Is v composite?
False
Suppose -277*y = -296*y + 392293. Is y a prime number?
False
Let b(h) be the third derivative of -29*h**4/6 + h**3/2 + 4*h**2 - 2*h. Is b(-4) a composite number?
False
Suppose -a + 3*a + 19 = 5*w, -5*w + 3*a = -21. Suppose -w*n + 419 = -2*n. Is n a composite number?
False
Let b(g) = -268*g**2 - 2*g + 1. Let i be b(1). Let v = i + 768. Is v a prime number?
True
Let j(l) = -l**2 - 3*l - 5. Let p be j(19). Let n be (-6)/(-5)*10*p. Is 1/5 - n/20 composite?
True
Suppose 5*m - 1936 + 19580 = 4*l, -4390 = -l - 4*m. Is l a prime number?
False
Let s(i) = 5*i**2 - 4*i**2 + 9*i - 2*i**2 + 7*i**2 + 16. Is s(-7) a composite number?
True
Let l(o) = 130*o**3 - o**2 + o - 1. Let q be l(1). Let g = -37 + q. Is 6/(-27) - g/(-9) a prime number?
False
Let l = -5073 + 9802. Is l composite?
False
Let v be (-8)/(-10)*(-30)/(-12). Let x be (1 + -2 - 0)*-1. Is 117 - (1 + x)*v a composite number?
False
Is -2*(1 + 264 + 4)/(-2) composite?
False
Let s be -86*(-28)/24 - (-2)/3. Suppose 0*c = 2*c + 2, -2*j - 5*c = -s. Is j a prime number?
True
Suppose -5*o = -10, -g + 6*o = 7*o - 17221. Is g a prime number?
False
Let o be (-2 + 24/20)*210/(-4). Is o/(-63) + 3526/6 a prime number?
True
Let o be 0*(2/(-4) - 0). Let y be (-8 - -7) + (o - -3). Suppose 219 = l - 2*m, 4*m - 417 = -y*l + m. Is l a prime number?
False
Is ((-368087)/38)/((-1)/(-4)*-2) a prime number?
True
Let h be (-4)/((-1)/(-3 + 4)). Suppose -162 = -h*j + 834. Is j a prime number?
False
Let r be -1*(2 - 6 - -3). Suppose i - 2*z = -0*i + 6, i = -3*z - 9. Suppose 2*n = 4*b - 214, 3*n - 8 - r = i. Is b a prime number?
False
Suppose -3*a - 2*t + 536 = -t, -a + 2*t + 188 = 0. Let p = 5 - 2. Suppose -3*d + 63 + a = 5*b, p*d = 4*b - 216. Is b a composite number?
True
Let f = 7691 - 4306. Suppose 10*s - 5*s = f. Is s a composite number?
False
Suppose -f + 3*n = -2, f - n - 24 = -f. Suppose -6*z = -f*z + 21064. Is z composite?
False
Suppose u + 6*u = 8652. Suppose -2*v + 812 = 2*m, 3*m + 3*v = 6*v + u. Is m composite?
False
Suppose -4*n = -0*n. Suppose n = b - 3*q - 9 - 5, 2*q + 18 = 5*b. Suppose 2*v = 3*s - 887, b*s + v = 3*s - 297. Is s a prime number?
True
Let z(l) = 367*l**2 - 4*l - 5. Is z(-2) a prime number?
True
Let g(f) = f**3 + 1561 - 4*f**3 + 2*f**3 - 2*f. Is g(0) prime?
False
Suppose 4*s - 4*w + 7248 - 175400 = 0, -3*s + 126119 = -2*w. Is s a composite number?
False
Suppose -6 = -5*u + 4*c, -2*u - 42 = 5*c - 18. Let j be 7/2 + 1/u. Is j + -2 + (2 - -131) a composite number?
True
Is 2/18 + (-700168)/(-126) a composite number?
False
Let u(w) = -2*w**2 + 6599. Is u(0) a prime number?
True
Let y = -8 + 8. Suppose y = -3*l + 114 + 897. Is l a composite number?
False
Let t(w) be the second derivative of w**7/2520 - w**6/240 + 19*w**5/120 - w**4/2 + 7*w. Let i(m) be the third derivative of t(m). Is i(6) prime?
True
Suppose -a + 4*x - 9 = 1, 0 = -a - 3*x + 4. Let h be ((-2)/(-4))/(2/(-12)). Is 0 + h - 1648/a a prime number?
True
Let s be (-469)/(-2) - (-4)/8. Let a be (1 - -2) + (3 - -140). Suppose -3*z + s + a = 0. Is z prime?
True
Let t(h) = -2*h**2 + 10*h + 2. Let m be t(7). Let c = m + 32. Is (-2680)/(-6) - c/9 prime?
False
Suppose 0 = -3*j - 4*v - 1330, 6*j - j = -4*v - 2206. Let y = j - -773. Is y a composite number?
True
Let v(k) = -k**2 - 17*k + 5. Suppose -38*l + 32 = -42*l. Is v(l) composite?
True
Let p = -7 + 12. Is 1/10*p*194*3 a composite number?
True
Suppose 0 = 2*g - 5*g. Let f(t) = g + 4*t + 2*t - 2 - 5. Is f(7) a composite number?
True
Suppose 0 = o - 5*o. Suppose v + 2*v - 318 = o. Suppose 0*z + v = 2*z. Is z a prime number?
True
Is (154545 - (2 + -6)) + 4 composite?
True
Let w(n) = 2*n - 5. Let b = 17 + -13. Let q be w(b). Is ((-1)/q)/((-2)/654) prime?
True
Let u = -497 + 763. Let m = 271 + u. Suppose -m = i - 4*i. Is i a composite number?
False
Suppose -m - 45228 = -2*q, -4*m = q - 11560 - 11045. Is q a prime number?
True
Let f = 23 - 16. Let d(x) = 4 - 5*x**2 + x**3 + x**2 + x**2 - 9*x - f*x**2. Is d(11) composite?
True
Let t(d) = 3*d + 13. Let w be t(-3). Suppose -w*y + 1517 - 511 = -2*q, 2*q = -2*y + 500. Is y a prime number?
True
Let f(r) = 71*r**2 + 3*r + 5. Let l(w) = -w**2 + 5*w + 3. Let b be l(6). Is f(b) prime?
False
Let v(c) = 6*c - 5 + 1 - 3*c. Let n be v(2). Suppose n*g = 43 - 5. Is g composite?
False
Let o = 17 + -12. Let n(a) = -a**3 + a + 1706. Let f be n(0). Suppose v = -4*v - 2*b + 4265, -f = -2*v - o*b. Is v a prime number?
True
Suppose 22*h = 120271 + 8187. Is h composite?
False
Is (-69)/2*2360/(-60) composite?
True
Suppose -4*w + 16 = 0, -j + w = -0 + 5. Let y be 6 - (j + 0)*-2. Is 3 + 26/y*32 prime?
True
Suppose 3177 = l + 2*p, -l + 5*p + 1228 = -1935. Is l prime?
False
Let o be 6*(-1 + (-3)/(-9)). Let g = 4 + o. Suppose 3*v + 40 - 1027 = h, g = -v + h + 329. Is v a prime number?
False
Let v(d) = 175*d**3 + d**2 - 2*d - 7. Is v(4) composite?
True
Suppose -2*y + 29376 = y + a, y + 5*a - 9778 = 0. Is y a prime number?
False
Let g(i) = 118*i + 11. Is g(42) prime?
True
Let f(y) = 2*y**3 + 9*y**2 - 1. Let w(c) = -c**3 - 4*c**2 + 1. Let z(q) = 4*f(q) + 7*w(q). Let j be z(-8). Suppose -152 = j*m - 7*m. Is m a composite number?
True
Let j be (-1 + 13)/(6/32). Suppose -18*x + 0 + 36 = 0. Suppose 190 + j = x*f. Is f composite?
False
Let o(v) = 202*v**2 + 17*v - 226. Is o(7) composite?
False
Let s be 12/6*1/2*-1. Is 1/(681/(-8166)*-12 + s) composite?
False
Let u(j) = 379*j + 195. Is u(10) composite?
True
Suppose -4*d = 12*d - 199344. Is d a composite number?
True
Is ((-78)/(-117))/((-2)/(-2307)) composite?
False
Suppose 0 = 10*z - 6*z + k - 5053, -3796 = -3*z - 2*k. Is z a composite number?
True
Let l be 1 + 5*1 + 0. Let k(i) = 30*i + 7. Let u(z) = 31*z + 7. Let x(q) = -3*k(q) + 4*u(q). Is x(l) a composite number?
False
Suppose -6*q + 8 = -4*q. Suppose -6*f - 40 = -q*f. Is (f/(-8) + -2)*542 a prime number?
True
Suppose -3*j + 22052 = 2*a, -3*a + 2*j + 35446 - 2355 = 0. Is a a prime number?
False
Let j(v) = v**3 - 72*v**2 + 87*v - 91. Is j(72) composite?
False
Suppose -z = 4 - 73. Let r = 35 + z. Let u = r + 30. Is u a composite number?
True
Is 8247*(-3)/3*(-1)/3 a composite number?
False
Let q = -19 - -19. Suppose q*b - 3*b = 3, -4*d = -2*b - 10438. Is d composite?
False
Let v(j) be the first derivative of -447*j**2/2 - 2*j - 15. Is v(-1) a composite number?
True
Let o be (-6)/3*-1 - -1. Let p be (-1 + o)*6/4. Suppose 254 = -a + p*a. Is a composite?
False
Let a(p) = 85*p - 18. Is a(13) a composite number?
False
Let s = 4124 - 2277. Is s a composite number?
False
Let l(o) = -2510*o - 7. Is l(-1) prime?
True
Suppose 0 = -5*t + 10 + 5. Is 4/(-36)*t*-879 composite?
False
Let i = -3073 - -12541. Let n = i - 6015. Is n prime?
False
Let t(m) be the second derivative of m**5/4 + m**4/3 - 2*m**3/3 + 13*m**2 + 38*m. Is t(11) composite?
False
Let t(d) = 439*d**2 - 4. Let j(i) = 440*i**2 - 3. Let f(o) = 5*j(o) - 4*t(o). Is f(1) a composite number?
True
Suppose -4*u + 9*u + 315 = -5*s, -u + 185 = -3*s. Let r be s/((-5)/((-30)/(-4))). Suppose 77 = 5*v - r. Is v a prime number?
False
Suppose 3 = 5*n + 3. Suppose -2*h + 3*x + 322 = -h, -h - 4*x + 343 = n. Is h composite?
False
Let r = 6746 + -1385. Let u = r - 310. Is u a composite number?
False
Let y(x) be the third derivative of x**6/30 - x**4/24 - x**3/6